40. List the prime factors of r(17).
79
Suppose 21*z = 24*z - 90. What are the prime factors of z?
2, 3, 5
Let v = 3 - 2. Let j = -21 - -30. Let q = j - v. List the prime factors of q.
2
Let f(l) = l**3 + 5*l**2 - 5*l - 3. Let y be f(4). Let t = y + -73. Suppose -3*p + t = -3*n, -4*p + n + 69 = 2*n. List the prime factors of p.
17
Let w = 321 + -219. List the prime factors of w.
2, 3, 17
Let r = -8 - -6. Suppose c + 4*c - 20 = 0. Let u = r + c. List the prime factors of u.
2
Let v(u) = u + 5. Let x be v(-9). Let h(o) = o + 7. Let g be h(x). List the prime factors of g/((-3)/(-2))*4.
2
Let i(x) = -x + 4. Let j be i(-6). What are the prime factors of 164/j - (-4)/(-10)?
2
Let k = -35 + 44. List the prime factors of k.
3
Suppose 5*o = -5*l, -3*o - 4*l = -0*o + 3. Suppose o*t + 33 = 5*r, 0 = -5*r - 2*t + 8 + 20. List the prime factors of r.
2, 3
Let i(m) = -185*m**3 - m**2 + m + 2. What are the prime factors of i(-1)?
5, 37
Suppose 3*i - 5*i + 116 = 0. List the prime factors of i.
2, 29
Suppose -2*h = -2, 2*c - 3*h = 2*h + 3. Suppose 4*x + r - 49 = 0, c*x + 4*r - 58 = -6. List the prime factors of x.
2, 3
What are the prime factors of 9/(-63) + 29/7?
2
Let s = 5 - -26. List the prime factors of s.
31
List the prime factors of 2/(-5) + (-26817)/(-105).
3, 5, 17
Suppose -7 = c - 4. Let p be c + 5/((-10)/(-4)). Let s = p + 9. What are the prime factors of s?
2
Suppose 3*g + 32 = 293. Suppose -g = 3*x - 6*x. What are the prime factors of x?
29
Let m(d) = -d**3 + 3*d**2 - 2*d. Let w be m(2). Suppose w*r = -r. Suppose 10 = -5*f - 0*g + 5*g, r = -3*f - 5*g + 26. List the prime factors of f.
2
Let f(l) = -2*l - 6. Let s be f(-4). What are the prime factors of (6/4)/(1/s)?
3
Suppose k + v = 53, k + v - 65 = -3*v. List the prime factors of k.
7
Let f(w) = w**3 - 10*w**2 - 14*w + 8. Let b be f(11). Let u = -22 - b. List the prime factors of u.
3
Let v be (-21 + -1)*(-6)/(-4). Let b = -48 - v. What are the prime factors of 9/b + (-76)/(-10)?
7
Suppose 0 = 3*a + x - 4*x + 6, 2 = 2*x. What are the prime factors of (-1)/(a + (-10)/(-12))?
2, 3
Let p(a) = -a**3 + 8*a**2 + 8*a + 6. Let c be p(9). Let q(s) = -s**3 - 4*s - 3. What are the prime factors of q(c)?
2, 3
Let q(v) = -v + 4. Let x be q(4). Suppose -2*p + 13 = n - 2*n, n = 3. Let b = x + p. What are the prime factors of b?
2
Suppose 0 + 2 = f. Let m = 4 - f. What are the prime factors of m?
2
Suppose -4*g + 141 = -g. Let a = g + -19. What are the prime factors of a?
2, 7
Suppose 6*u - 7*u + 99 = 0. List the prime factors of u.
3, 11
Let t = -13 + 14. What are the prime factors of 3 + t - (-47 - -9)?
2, 3, 7
Let f(s) = s**2 - 5*s - 3. Let p be f(-6). Suppose -5*a + p = v, -v - 18 = -2*a + v. List the prime factors of a.
2, 3
Let q(s) be the third derivative of 0*s - 1/6*s**3 + 1/12*s**4 + 2*s**2 + 0. List the prime factors of q(6).
11
Let p(d) = -d + 5. Let m be p(5). What are the prime factors of (-1 - m)*(-1 + -8)?
3
Let y(q) = q**3 + 5*q**2 - 7*q + 1. Suppose 2 + 4 = -f. What are the prime factors of y(f)?
7
Let b(l) = 4*l**2 + 3*l - 2. Let x be b(2). Let t = x - 10. List the prime factors of t.
2, 5
Let j be (-438)/(-24) - 2/8. Suppose 0 + j = 2*q. Suppose 0 = -6*k + 3*k + q. List the prime factors of k.
3
Let l = -6 - -8. Suppose 3*n - l = 2*n. What are the prime factors of n?
2
Suppose -25 = -10*p + 5*p. Let n(z) = 16*z**3 + 0 - p + 4. What are the prime factors of n(1)?
3, 5
Let u = 11 - 8. Let h = u - 5. What are the prime factors of h + (-1 - (-12 + 3))?
2, 3
Suppose 3*z + 146 = 2*x - 32, 4*x = -3*z + 392. What are the prime factors of x?
5, 19
Suppose 5 = -6*l + 3*l - i, l - 3*i = 15. Suppose -4*c + 4 = 0, l = o - 2*o + 3*c - 2. Let y(d) = 6*d**3 + d**2. What are the prime factors of y(o)?
7
Suppose y + 5*j - 8 = -4, -3*y - 2 = j. Let r(h) = 15*h**2. What are the prime factors of r(y)?
3, 5
Suppose 26*f - 11*f = 2865. What are the prime factors of f?
191
Let f be 1/(-2) - (-6)/4. List the prime factors of 3 + (-6)/3 + f.
2
Let b be 1/(-3) - (-26)/(-3). Let l be -3*(b + -1 + 1). Let p = l + -17. List the prime factors of p.
2, 5
Let l(t) = -t**3 - t**2 - t + 5. Let w be l(0). Let z = -2 + w. Suppose 3*y - 2*i + 6 = 19, -5*y = z*i - 28. List the prime factors of y.
5
Let k be (-478)/(-7) - (-4)/(-14). Let o = -40 + k. List the prime factors of o.
2, 7
Suppose -5*h + 616 = -2*d - 0*d, 5*d - 630 = -5*h. What are the prime factors of h?
2, 31
Suppose 5*s = 2*q + 1061 - 123, 5*s - 950 = 5*q. Let h = s + -130. List the prime factors of h.
2, 7
Let t be (-4)/(-6)*-3*-8. Suppose -t = -2*o - 4. Suppose -2*w = -o*w + 24. List the prime factors of w.
2, 3
Suppose 0 = -12*c + 10*c + 122. List the prime factors of c.
61
Let q = -52 - -94. List the prime factors of q.
2, 3, 7
What are the prime factors of 15*(-1)/10*-4 - 3?
3
Let n be 4/14 - (-99)/21. Suppose s = n + 24. List the prime factors of s.
29
Suppose j - 6*j + 4*m + 318 = 0, -2*m + 58 = j. Suppose -64 = -4*g + 4*p, 3*g + p = -2*g + j. List the prime factors of g.
13
Let u(n) be the first derivative of 3*n**5/10 - n**4/12 + n**3/6 - 2*n - 2. Let d(x) be the first derivative of u(x). List the prime factors of d(1).
2, 3
Suppose 5*b - 19 + 47 = 4*n, n - 7 = 4*b. Suppose 2*j + n + 13 = 3*a, -16 = 4*j. List the prime factors of a.
2
Suppose o + 6 = 4. Let h(i) = -i**2 + 11*i - 3. Let q(s) = -5*s + 1. Let c(x) = -3*h(x) - 7*q(x). What are the prime factors of c(o)?
2, 5
Let k be 11/(-3) + (-6)/(-9). Let j be 5 - k/(-3) - 0. Suppose -j = -d + 6. List the prime factors of d.
2, 5
Let o(p) be the second derivative of p**6/360 - p**5/60 - p**4/4 - 3*p. Let m(l) be the third derivative of o(l). List the prime factors of m(4).
2, 3
Suppose -4*w - 29 = -u + w, 5*u - 29 = -4*w. Let z = 19 - u. What are the prime factors of z?
2, 5
Let i = -6 - -11. Suppose i*u + 5*z - 70 = 0, -4*z + 18 - 74 = -3*u. What are the prime factors of u?
2
Suppose -2*d + 6 = -d. Let j(c) = -c + 8. Let n be j(d). What are the prime factors of (-3)/n*12/(-9)?
2
Let m(k) = -k**3 + 5*k**2 - 4*k + 4. Let s = -4 + 3. Let j be 21/6 - s/(-2). What are the prime factors of m(j)?
2, 5
Let l = -33 - -87. List the prime factors of l.
2, 3
What are the prime factors of (5/(-2) - 1)/((-4)/376)?
7, 47
Let b(i) = 7*i + 3. Suppose 2*x - 3 = x. Let r be b(x). Let n = 43 - r. What are the prime factors of n?
19
Suppose 3*o + 2*m = 6*m + 167, -2*o - 4*m = -78. What are the prime factors of o?
7
Suppose 0 = 2*k - 2*r - 0*r - 86, 0 = 4*k + 5*r - 127. What are the prime factors of k?
2, 19
Let y(f) = 1 - 12*f - 7 - f**2 + 2*f. Let u be y(-9). Suppose 4*w - 31 = -5*s, 0*w = -u*s + 4*w - 7. List the prime factors of s.
3
Let c(p) = p**3 + 6*p**2 - p - 4. Let i be c(-6). Let d = 31 - i. What are the prime factors of d?
29
Let z = -7 + 7. Suppose 5*l + 10 = z, 0*b = 2*b + l - 14. List the prime factors of b.
2
Suppose -4*p + 616 = -0*p. List the prime factors of p.
2, 7, 11
Let b(p) = -p + 8. Let s be b(6). Let n = 29 - 17. Suppose s*u - 5*x - 5 = n, -u + 16 = 5*x. List the prime factors of u.
11
What are the prime factors of 3 + (2 - 17)*-7?
2, 3
Let o(p) = p**3 - 7*p**2 + 10*p - 8. Let b be o(7). Suppose 0 = 2*j - 4, -4*j = -5*r - 0*j + b. List the prime factors of r.
2, 7
Suppose -2*r - 25 = -5*z - r, -4*z = 4*r + 4. Suppose 0 = -4*o - z*m - 14 + 50, 3*m = -2*o + 23. List the prime factors of o.
2
Let n = -5 - -7. Suppose -27 = -n*q - q. What are the prime factors of q?
3
Suppose -2*h = -2 - 6. Suppose 0 = -2*q + 2 + h. Let r(b) = 5*b. List the prime factors of r(q).
3, 5
Let p(o) be the second derivative of o**3/2 - 3*o**2 + 3*o. List the prime factors of p(4).
2, 3
Suppose -7 = -4*d + 1. Let f(b) = 2*b**3 + 5*b**2 - 5*b + 1. Let a(n) = n**3 + 5*n**2 - 4*n + 2. Let v(z) = d*f(z) - 3*a(z). List the prime factors of v(5).
2, 3
Suppose 4 = 3*d + 1. Suppose i + d = -1. List the prime factors of ((-60)/(-25))/(i/(-5)).
2, 3
Let z(f) = 9*f**2 + 5*f - 26. What are the prime factors of z(4)?
2, 3, 23
Let y be (-2)/9 - (-474)/(-54). Let d = 19 + y. What are the prime factors of d?
2, 5
Let g(o) = 6*o - 3. What are the prime factors of g(6)?
3, 11
Suppose 4*c = 13 + 7. Suppose c = 3*h - 5*n, 4*h + 2*n = n + 22. What are the prime factors of h?
5
Let c(y) = -y**3 - 6*y**2 - 5*y + 4. Let v be c(-5). Suppose -u = -v*b + 